 4, -5*t = -p - 29. Is (-8095)/((-25)/t) - -4 composite?
True
Suppose 17*x - 3*u = 1245685, 18*x - 15*x - 219807 = 3*u. Is x composite?
False
Suppose -2*z + 159389 = 5*b, 22*z - 20*z = 4. Is b composite?
True
Suppose 0 = -4*y - 3*w + 37993, 34*y + 28496 = 37*y + w. Suppose 4*g - u = -1779 + y, 4*u = -4*g + 7740. Is g a prime number?
True
Suppose 161256 + 119856 = w - s, s = 3*w - 843346. Is w prime?
True
Let v(a) = 2120*a - 781. Is v(10) a prime number?
False
Let b = -32544 - -49709. Is b a composite number?
True
Suppose 118*j = 116*j - 3*n + 33925, 4*j - 2*n = 67842. Is j composite?
True
Suppose 5*q + 8 = -4*t - 33, 0 = -t - 2*q - 11. Let z(w) = -4*w - 30. Let y be z(t). Suppose -y*b + 50555 = -b. Is b prime?
True
Suppose -30 = 7*n - 2. Is (2*(-1)/n)/(23/16882) prime?
True
Let k be 2 + (-1)/1*2187. Let f be -1145 - -4*(-21)/(-28). Let b = f - k. Is b a composite number?
True
Let b(o) = -12*o**3 + o**2 - 10*o + 29. Let t(h) = -h**2 - 36*h + 27. Let i be t(-37). Is b(i) a prime number?
False
Is -4 + ((465/(-2))/(-3))/(22/47652) a composite number?
False
Let z = 56 - 44. Let p be ((-44)/(-3))/((z/(-4))/99). Let q = 78 - p. Is q a prime number?
False
Suppose 2*p + p = -2*d - 11, 2*d = -5*p - 21. Let z be d/(-6)*-9 + 9481. Suppose 3*o - z = -o. Is o composite?
False
Let d(k) = -1873*k**2 - 3*k + 4. Let z be d(3). Let t = z + 24201. Is t prime?
False
Suppose 1054272 = 31*q + 140609. Is q prime?
True
Is (1926/3210)/(45604/(-45610) + 1) prime?
True
Is (8*(-27)/(-72))/((-8)/(25837480/(-15))) a composite number?
False
Let a(z) = 32 - 63 - 72*z + 27. Let v be a(-5). Suppose -b + 5*b = v. Is b a prime number?
True
Let j(q) = 763*q**2 + q - 53. Let a be j(-7). Suppose -a = v - 4*v - u, v - 2*u = 12447. Is v a prime number?
False
Suppose 8*d = 6515 + 8965. Suppose 4*x - 2837 = d. Is x prime?
True
Is ((-15)/4)/(-3) - (-1962396)/16 prime?
True
Suppose 0 = -10*x + 35 + 5. Suppose 4*o + x*u + 5082 = 26142, 3*u = 2*o - 10550. Is o a prime number?
False
Suppose 0 = 55*a + 8*a - 2113831 + 79120. Is a composite?
False
Is -2 + 17251431/33 - (23 + (-771)/33) prime?
False
Let c(f) = -2*f**3 + f**2 + f - 3. Let g be c(-2). Suppose 20 = b + g. Suppose 1470 = b*q - 2315. Is q prime?
True
Suppose -2*j + 4*n = -802, 649 = 4*j - n - 983. Let d = j - 88. Is d a prime number?
False
Let i = 296990 + 18069. Is i prime?
True
Suppose 0 = 23*w - 3616700 - 3640881. Is w prime?
True
Let x(f) = -f**3 + f**2 + 2*f - 8. Let q be x(2). Is q*(-1)/2 - (0 + -7059) composite?
True
Suppose 4*p - 404 = 4572. Let w = 1941 - p. Is w a composite number?
True
Let w be 2 + 8/(-3 - -2) + 3. Let r be ((-1)/(-1))/(w/(-15))*1. Is 295*r/(-10)*-2 composite?
True
Let l(a) = a**3 + 25*a**2 + 12*a + 17. Suppose -4*o - 3*i = -5*i + 56, 46 = -4*o - 3*i. Is l(o) composite?
False
Suppose -40*o + 39*o + 420 = 0. Suppose -s = d - 440, -d + 3*s = -s - o. Is (14/8)/7*d a prime number?
True
Let m(q) = 22*q**3 + 2*q**2 + q. Let j be m(-1). Let c be (-141184)/28 - (1 + 27/j). Is c*2/(-8)*6/3 composite?
False
Suppose 0 = 43*s - 44*s - 9. Let n be (-1)/4*(s + -3). Suppose -3*k = -d + 6*d - 7712, -n*k - 1546 = -d. Is d a prime number?
True
Is (-3)/(-7) - 59994112/(-679) composite?
True
Is 74542 + (7 - 52/(-26)) a prime number?
True
Suppose 40 + 0 = 8*p. Suppose 0 = p*z - 5*g + 3130, -3*z - 4*g - g = 1870. Let j = 1182 + z. Is j prime?
True
Let n(a) be the second derivative of -8*a**3/3 - 39*a**2/2 - 6*a. Let l be n(-6). Suppose 2*r = l + 221. Is r a prime number?
True
Suppose 20*o - 15 = 15*o, -3*m - 3*o + 117 = 0. Suppose 4*r = -f + 74, -m = 5*r - 11. Is f prime?
False
Suppose -21*g = -4329 - 16251. Suppose -392 = -5*f + t + g, -540 = -2*f - 4*t. Is f a prime number?
False
Let q be 63/(-57) - 20/(-190). Is 1316/(2/2) - (2 + q) a prime number?
False
Let g(v) = 2*v**2 - 18*v + 24. Let k be g(21). Suppose 2*u = i - 560, -4*i + 4*u + k + 1716 = 0. Is i composite?
True
Is (-426547 - (18 + -27))/(-2) a prime number?
False
Let d = 15040 - 8151. Is d a prime number?
False
Let f(o) be the first derivative of 21*o**2 + 3*o - 3 - 7*o**2 - 6. Is f(1) a composite number?
False
Let x(h) = 40*h**2 + 2*h - 22. Let s be x(-7). Let y = -1011 + s. Is y prime?
False
Let m = 975837 + -648158. Is m composite?
True
Is 82329 - (104/(-10) - (-32)/80) a prime number?
True
Suppose c - 2*g - 22 = 0, -3*c + 80 = -0*c + g. Let w = c - 26. Suppose w = 3*d - 4*m - 1757, 0*d - 1766 = -3*d - 5*m. Is d composite?
False
Suppose -13*g = -5*g - 16. Suppose 4420 = g*s - 11166. Is s composite?
False
Let p be (2962/(-1))/((-2)/11). Let v be -1 + 16 - 42*11/66. Suppose 0 = v*j - 19*j + p. Is j prime?
True
Is (10 + -199944)*-2*(-2)/(-8) a composite number?
True
Let p be (-35)/14*((-789)/15 + -1). Suppose 3*m - 6 = 0, p - 10 = r + 5*m. Let s = 263 - r. Is s a prime number?
True
Let h(n) = 49*n**2 + 5*n - 44. Let p be h(-9). Suppose -7610 - p = -6*v. Is v a prime number?
False
Let j(p) = p**3 + 7*p**2 + 9*p + 10. Let x be j(-6). Let b be (((-108)/x)/(-3))/((-1)/2). Suppose 12*k - 615 = b*k. Is k prime?
False
Is 314/((-31773)/1673 - -19) composite?
True
Let s(g) = g**2 + 5*g - 81. Let k be s(-12). Suppose 5*i + 4*w - 17139 = 0, 0 = k*i + 6*w - 8*w - 10279. Is i a prime number?
False
Let d = -703765 - -1408686. Is d a composite number?
True
Let j = 13105 - 7485. Suppose j = 12*g - 12212. Is g prime?
False
Suppose 4*j + 132 - 156 = 0. Suppose -5*h + 5*i = -118620, -5*h = -9*i + j*i - 118610. Is h a composite number?
False
Let y(z) = -15 + 4 + 348*z - 935*z - 21. Is y(-5) composite?
False
Let b(j) = -j**2 + 20*j - 88. Let u be b(13). Suppose 3*d - i - 139367 = 0, -25*d + 185840 = -21*d + u*i. Is d a composite number?
False
Let d = 26 + 12. Let y = d + -36. Is 42/((-3)/(y + -47)) - -1 a composite number?
False
Let f be ((-7081976)/(-16))/(-11) + 3/(-2). Let d = f - -60527. Is d composite?
False
Let q(d) = d**3 + 7*d**2 + 2*d + 6. Let k be q(-7). Let w(z) = z**2 + 6*z - 8. Let l be w(k). Suppose -9*r = -l*r - 1187. Is r a composite number?
False
Let q(w) = 5*w - 724. Suppose 4 = 3*k + 4. Let l be q(k). Let g = -513 - l. Is g composite?
False
Suppose 61*x - 1003028 = 57*x. Is x prime?
False
Suppose -8*m + 7 = -17. Is 4/m*144477/36 a prime number?
True
Suppose 47995 - 699543 = -76*i. Is i a composite number?
False
Let z = -74972 + 120637. Is z a prime number?
False
Suppose -5109 = -4*b + 4967. Suppose -3*g + 1 = 7, -c - g = -b. Let n = c + -572. Is n a prime number?
True
Suppose 0 = -4*i - 629 + 169. Let m = -49 - i. Let r = m - -97. Is r prime?
True
Is 7104033/(-315)*-7 - ((-4)/10)/(-1) a composite number?
False
Let s = 62 - 51. Let t = s + 42. Is t prime?
True
Suppose 0 = -2*c - 4*x + 2738, -11*c + 6*c = -x - 6922. Is c prime?
False
Suppose 13*o - 6*o = -42. Let u be 3 - (-2)/o - 8/(-6). Suppose 1876 = 4*t + b, u*t - 1876 = -0*t + 3*b. Is t composite?
True
Let b(r) = -789*r - 22. Let f(n) = -1579*n - 44. Let a(x) = 9*b(x) - 4*f(x). Suppose 75 - 252 = 59*c. Is a(c) a composite number?
False
Let d(y) = 209*y + 59. Let t be d(28). Suppose m - t = 49*i - 53*i, 5*m + 3*i = 29555. Is m a composite number?
True
Let h(l) = -7*l - 22. Let b(a) = -a - 1. Let s(f) = -4*b(f) + h(f). Is s(-8) a prime number?
False
Let j = -6146 - -18285. Let s = j - -5551. Suppose -7*y + s = 841. Is y prime?
False
Suppose 3 = -3*s - 0. Let z be -3*(-5308)/12 + (-1 - s). Suppose -c + 7*a - 3*a + z = 0, 2*a = 10. Is c prime?
False
Suppose -c + 2*c + 28 = -w, -5*w - 4*c - 140 = 0. Let p be w/(-13) + (-8)/52. Is 1 - p - (-7 - 248) prime?
False
Suppose -2*m = 8 + 12. Is 12/(-15) - (1 - (-5008)/m) a prime number?
True
Let d be (-4)/2 + (0 - 3/(-1)). Suppose -d = -h + 1. Suppose 0 = h*r - 2382 - 2836. Is r a prime number?
True
Suppose 0*w = f - w - 2207, 0 = 3*w - 12. Is (-20)/(-4) + (f - -2) a composite number?
True
Let f(m) = m + 6. Let h be f(-6). Let r be (h - 8/10)/((-3)/15). Suppose -2*l - r*l = -1986. Is l a prime number?
True
Suppose -2*k - 3*k + 4*n = -470754, 8 = 2*n. Suppose k = 3*i - 87823. Suppose q = 6*q + 2*y - i, -10 = -5*y. Is q composite?
True
Is (-21)/(-6)*2078 - (-32)/(-4) composite?
True
Suppose -19688 = -12*i + 43324. Suppose 4548 = 2*u + 5*b, -697 + i = 2*u + 2*b. Is u a composite number?
True
Let i be ((-3)/2)/(-2 - 245/(-124)). Let h = i - 59. Is 5/(-15) - ((-1538)/6 + h) co